 149990?
9
What is the ten millions digit of 13419243?
1
What is the hundred thousands digit of 845911?
8
What is the ten thousands digit of 246656?
4
What is the thousands digit of 954684?
4
What is the thousands digit of 4719349?
9
What is the ten thousands digit of 10980431?
8
What is the tens digit of 384752?
5
What is the hundreds digit of 1347160?
1
What is the hundred thousands digit of 1649415?
6
What is the tens digit of 8889?
8
What is the units digit of 17734803?
3
What is the hundreds digit of 465921?
9
What is the hundreds digit of 4045818?
8
What is the millions digit of 2853237?
2
What is the tens digit of 18136784?
8
What is the ten thousands digit of 76209?
7
What is the ten thousands digit of 1848367?
4
What is the hundred thousands digit of 532780?
5
What is the hundreds digit of 93369?
3
What is the units digit of 10116723?
3
What is the ten thousands digit of 10227573?
2
What is the ten thousands digit of 525491?
2
What is the tens digit of 23291?
9
What is the units digit of 52122?
2
What is the units digit of 6055588?
8
What is the thousands digit of 728402?
8
What is the hundreds digit of 571554?
5
What is the hundreds digit of 726067?
0
What is the thousands digit of 618565?
8
What is the units digit of 2178365?
5
What is the thousands digit of 129550?
9
What is the ten thousands digit of 2186726?
8
What is the units digit of 18440098?
8
What is the units digit of 431943?
3
What is the millions digit of 2069003?
2
What is the hundreds digit of 21557545?
5
What is the hundreds digit of 18442?
4
What is the hundred thousands digit of 795416?
7
What is the thousands digit of 184298?
4
What is the thousands digit of 510760?
0
What is the hundreds digit of 122366?
3
What is the ten thousands digit of 2673028?
7
What is the millions digit of 1105369?
1
What is the hundred thousands digit of 30400160?
4
What is the hundred thousands digit of 1120731?
1
What is the units digit of 8088296?
6
What is the units digit of 1955725?
5
What is the hundreds digit of 1133634?
6
What is the hundreds digit of 2218445?
4
What is the thousands digit of 983440?
3
What is the thousands digit of 438516?
8
What is the tens digit of 3089953?
5
What is the units digit of 13695201?
1
What is the millions digit of 11994745?
1
What is the hundreds digit of 5778099?
0
What is the hundred thousands digit of 9463290?
4
What is the hundreds digit of 179259?
2
What is the hundred thousands digit of 17372508?
3
What is the tens digit of 315006?
0
What is the tens digit of 38376952?
5
What is the tens digit of 667123?
2
What is the ten thousands digit of 190578?
9
What is the tens digit of 5439982?
8
What is the thousands digit of 5254389?
4
What is the units digit of 1274332?
2
What is the thousands digit of 258648?
8
What is the thousands digit of 1639142?
9
What is the hundreds digit of 19711?
7
What is the units digit of 1678090?
0
What is the hundreds digit of 2022993?
9
What is the units digit of 40089?
9
What is the thousands digit of 448575?
8
What is the hundreds digit of 2083582?
5
What is the thousands digit of 257261?
7
What is the hundreds digit of 715953?
9
What is the millions digit of 3601513?
3
What is the tens digit of 663989?
8
What is the units digit of 6926256?
6
What is the tens digit of 10572294?
9
What is the hundreds digit of 312752?
7
What is the units digit of 10147859?
9
What is the hundred thousands digit of 204699?
2
What is the hundreds digit of 1989586?
5
What is the tens digit of 30099672?
7
What is the tens digit of 15992844?
4
What is the units digit of 82745?
5
What is the ten thousands digit of 49940?
4
What is the units digit of 900773?
3
What is the units digit of 2052010?
0
What is the ten thousands digit of 1468576?
6
What is the hundred thousands digit of 4002965?
0
What is the ten thousands digit of 525339?
2
What is the units digit of 2960164?
4
What is the millions digit of 13956072?
3
What is the ten thousands digit of 684708?
8
What is the millions digit of 3222810?
3
What is the hundreds digit of 11617741?
7
What is the tens digit of 880440?
4
What is the hundreds digit of 8080368?
3
What is the tens digit of 9361955?
5
What is the millions digit of 24049545?
4
What is the tens digit of 3700072?
7
What is the units digit of 1490950?
0
What is the thousands digit of 3717732?
7
What is the thousands digit of 188193?
8
What is the hundreds digit of 212104?
1
What is the thousands digit of 3704455?
4
What is the millions digit of 1472979?
1
What is the hundred thousands digit of 590117?
5
What is the tens digit of 2469936?
3
What is the thousands digit of 3098910?
8
What is the ten thousands digit of 2062565?
6
What is the tens digit of 1236667?
6
What is the hundreds digit of 969132?
1
What is the thousands digit of 10524?
0
What is the hundred thousands digit of 40066986?
0
What is the hundreds digit of 890772?
7
What is the units digit of 4135408?
8
What is the hundreds digit of 2495997?
9
What is the hundreds digit of 3878656?
6
What is the ten thousands digit of 382533?
8
What is the units digit of 6820986?
6
What is the hundreds digit of 152381?
3
What is the ten thousands digit of 455390?
5
What is the units digit of 701383?
3
What is the units digit of 63646?
6
What is the tens digit of 819498?
9
What is the tens digit of 84611?
1
What is the thousands digit of 13372095?
2
What is the units digit of 45130?
0
What is the thousands digit of 7358?
7
What is the tens digit of 520176?
7
What is the thousands digit of 146066?
6
What is the hundreds digit of 4270125?
1
What is the millions digit of 3196545?
3
What is the tens digit of 59795?
9
What is the hundred thousands digit of 699172?
6
What is the units digit of 2541299?
9
What is the hundred thousands digit of 127939?
1
What is the hundred thousands digit of 747064?
7
What is the units digit of 666560?
0
What is the tens digit of 1437048?
4
What is the ten thousands digit of 3805288?
0
What is the thousands digit of 13683212?
3
What is the hundreds digit of 7018191?
1
What is the hundred thousands digit of 260634?
2
What is the hundreds digit of 9437420?
4
What is the tens digit of 967112?
1
What is the units digit of 140837?
7
What is the tens digit of 1433497?
9
What is the millions digit of 4898376?
4
What is the ten thousands digit of 72929?
7
What is the ten thousands digit of 176848?
7
What is the ten thousands digit of 1153755?
5
What is the hundred thousands digit of 225705?
2
What is the thousands digit of 67927?
7
What is the thousands digit of 225271?
5
What is the units digit of 3760301?
1
What is the tens digit of 546443?
4
What is the units digit of 171173?
3
What is the hundreds digit of 4970798?
7
What is the ten thousands digit of 5132692?
3
What is the hundred thousands digit of 238493?
2
What is the hundred thousands digit of 516776?
5
What is the units digit of 92804?
4
What is the units digit of 11947793?
3
What is the ten thousands digit of 9609738?
0
What is the millions digit of 2981059?
2
What is the thousands digit of 1190472?
0
What is the tens digit of 77429?
2
What is the tens digit of 40422?
2
What is the hundreds digit of 7516936?
9
What is the ten thousands digit of 311815?
1
What is the hundred thousands digit of 3036162?
0
What is the hundred thousands digit of 143138?
1
What is the hundred thousands digit of 6338175?
3
What is the ten thousands digit of 16614956?
1
What is the hundred thousands digit of 402238?
4
What is the hundred thousands digit of 1320654?
3
What is the ten thousands digit of 290698?
9
What is the units digit of 9407155?
5
What is the thousands digit of 14063697?
3
What is the hundred thousands digit of 1788654?
7
What is the tens digit of 194121?
2
What is the millions digit of 15715706?
5
What is the hundred thousands digit of 1224435?
2
What is the thousands digit of 377949?
7
What is the thousands digit of 7086794?
6
What is the millions digit of 16418453?
6
What is the thousands digit of 470078?
0
What is the thousands digit of 2814979?
4
What is the ten thousands digit of 281307?
8
What is the units digit of 6712260?
0
What is the hundreds digit of 6879582?
5
What is the millions digit of 2252397?
2
What is the thousands digit of 2557907?
7
What is the units digit of 46850?
0
What is the t